{"id":126,"date":"2017-11-25T21:26:14","date_gmt":"2017-11-25T19:26:14","guid":{"rendered":"http:\/\/sofylink.com\/pagina-de-inicio\/"},"modified":"2018-10-31T21:17:55","modified_gmt":"2018-10-31T19:17:55","slug":"pagina-de-inicio__trashed","status":"publish","type":"page","link":"https:\/\/sofylink.com\/pagina-de-inicio\/","title":{"rendered":"P\u00e1gina de inicio"},"content":{"rendered":"<div id=\"pl-126\"  class=\"panel-layout\" ><div id=\"pg-126-0\"  class=\"panel-grid panel-has-style\" ><div class=\"wide-grey panel-row-style panel-row-style-for-126-0\" ><div id=\"pgc-126-0-0\"  class=\"panel-grid-cell\" ><div id=\"panel-126-0-0-0\" class=\"so-panel widget widget_headline-widget panel-first-child panel-last-child\" data-index=\"0\" ><div class=\"panel-widget-style panel-widget-style-for-126-0-0-0\" >\t\t<h1>SofyLink<\/h1>\n\t\t<div class=\"decoration\"><div class=\"decoration-inside\"><\/div><\/div>\n\t\t<h3>Enlace para aplicaciones Android con Cajones Autom\u00e1ticos<\/h3>\n\t\t<\/div><\/div><\/div><\/div><\/div><div id=\"pg-126-1\"  class=\"panel-grid panel-no-style\" ><div id=\"pgc-126-1-0\"  class=\"panel-grid-cell\" ><div id=\"panel-126-1-0-0\" class=\"so-panel widget widget_circleicon-widget panel-first-child panel-last-child\" data-index=\"1\" >\t\t<div class=\"circle-icon-box circle-icon-position-top circle-icon-hide-box circle-icon-size-small \">\n\t\t\t\t\t\t\t<div class=\"circle-icon-wrapper\">\n\t\t\t\t\t\t\t\t\t\t<a href=\"http:\/\/sofylink.com\/pagina-de-inicio\/manuales-2\/\" class=\"link-icon\" >\t\t\t\t\t<div class=\"circle-icon\" >\n\t\t\t\t\t\t\t\t\t\t\t\t\t<div class=\"fa fa-book\" style=\"color: #ffffff\"><\/div>\n\t\t\t\t\t\t\t\t\t\t\t<\/div> \n\t\t\t\t\t<\/a>\t\t\t\t<\/div>\n\t\t\t\n\t\t\t\t\t\t\t<a href=\"http:\/\/sofylink.com\/pagina-de-inicio\/manuales-2\/\" class=\"link-title\" >\n\t\t\t\t\t\t\t\t\t\t<h4 >\n\t\t\t\t\tManuales\t\t\t\t<\/h4>\n\t\t\t\t\t\t\t\t\t\t<\/a>\n\t\t\t\n\t\t\t\t\t\t\t<p class=\"text\" >En esta secci\u00f3n ponemos a disposici\u00f3n diferentes manuales de la aplicaci\u00f3n<\/p>\n\t\t\t\t\t\t\t\t\t\t<a href=\"http:\/\/sofylink.com\/pagina-de-inicio\/manuales-2\/\" class=\"more-button\" >M\u00e1s informaci\u00f3n <i><\/i><\/a>\n\t\t\t\t\t<\/div>\n\t\t<\/div><\/div><div id=\"pgc-126-1-1\"  class=\"panel-grid-cell\" ><div id=\"panel-126-1-1-0\" class=\"so-panel widget widget_circleicon-widget panel-first-child panel-last-child\" data-index=\"2\" >\t\t<div class=\"circle-icon-box circle-icon-position-top circle-icon-hide-box circle-icon-size-small \">\n\t\t\t\t\t\t\t<div class=\"circle-icon-wrapper\">\n\t\t\t\t\t\t\t\t\t\t<a href=\"http:\/\/sofylink.com\/pagina-de-inicio\/descargas\/\" class=\"link-icon\" >\t\t\t\t\t<div class=\"circle-icon\" >\n\t\t\t\t\t\t\t\t\t\t\t\t\t<div class=\"fa fa-download\" ><\/div>\n\t\t\t\t\t\t\t\t\t\t\t<\/div> \n\t\t\t\t\t<\/a>\t\t\t\t<\/div>\n\t\t\t\n\t\t\t\t\t\t\t<a href=\"http:\/\/sofylink.com\/pagina-de-inicio\/descargas\/\" class=\"link-title\" >\n\t\t\t\t\t\t\t\t\t\t<h4 >\n\t\t\t\t\tDistribuidores y Descargas\t\t\t\t<\/h4>\n\t\t\t\t\t\t\t\t\t\t<\/a>\n\t\t\t\n\t\t\t\t\t\t\t<p class=\"text\" >En esta secci\u00f3n ponemos a su disposici\u00f3n descargas de la aplicaci\u00f3n , actualizaciones y dem\u00e1s archivos que pueda necesitar<\/p>\n\t\t\t\t\t\t\t\t\t\t<a href=\"http:\/\/sofylink.com\/pagina-de-inicio\/descargas\/\" class=\"more-button\" >M\u00e1s informaci\u00f3n <i><\/i><\/a>\n\t\t\t\t\t<\/div>\n\t\t<\/div><\/div><div id=\"pgc-126-1-2\"  class=\"panel-grid-cell\" ><div id=\"panel-126-1-2-0\" class=\"so-panel widget widget_circleicon-widget panel-first-child panel-last-child\" data-index=\"3\" >\t\t<div class=\"circle-icon-box circle-icon-position-top circle-icon-hide-box circle-icon-size-small \">\n\t\t\t\t\t\t\t<div class=\"circle-icon-wrapper\">\n\t\t\t\t\t\t\t\t\t\t<a href=\"http:\/\/sofylink.com\/pagina-de-inicio\/caracteristicas\/\" class=\"link-icon\" >\t\t\t\t\t<div class=\"circle-icon\" >\n\t\t\t\t\t\t\t\t\t\t\t\t\t<div class=\"fa fa-clock-o\" ><\/div>\n\t\t\t\t\t\t\t\t\t\t\t<\/div> \n\t\t\t\t\t<\/a>\t\t\t\t<\/div>\n\t\t\t\n\t\t\t\t\t\t\t<a href=\"http:\/\/sofylink.com\/pagina-de-inicio\/caracteristicas\/\" class=\"link-title\" >\n\t\t\t\t\t\t\t\t\t\t<h4 >\n\t\t\t\t\tCaracter\u00edsticas\t\t\t\t<\/h4>\n\t\t\t\t\t\t\t\t\t\t<\/a>\n\t\t\t\n\t\t\t\t\t\t\t<p class=\"text\" >Descripci\u00f3n de las caracteristicas y funciones de la aplicaci\u00f3n<\/p>\n\t\t\t\t\t\t\t\t\t\t<a href=\"http:\/\/sofylink.com\/pagina-de-inicio\/caracteristicas\/\" class=\"more-button\" >M\u00e1s informaci\u00f3n <i><\/i><\/a>\n\t\t\t\t\t<\/div>\n\t\t<\/div><\/div><\/div><div id=\"pg-126-2\"  class=\"panel-grid panel-no-style\" ><div id=\"pgc-126-2-0\"  class=\"panel-grid-cell panel-grid-cell-empty\" ><\/div><\/div><\/div>","protected":false},"excerpt":{"rendered":"<p>SofyLink Enlace para aplicaciones Android con Cajones Autom\u00e1ticos Manuales En esta secci\u00f3n ponemos a disposici\u00f3n diferentes manuales de la aplicaci\u00f3n M\u00e1s informaci\u00f3n Distribuidores y Descargas En esta secci\u00f3n ponemos a su disposici\u00f3n descargas de la aplicaci\u00f3n , actualizaciones y dem\u00e1s archivos que pueda necesitar M\u00e1s informaci\u00f3n Caracter\u00edsticas Descripci\u00f3n de las caracteristicas y funciones de la [&hellip;]<\/p>\n","protected":false},"author":1,"featured_media":0,"parent":0,"menu_order":0,"comment_status":"closed","ping_status":"closed","template":"templates\/template-full-notitle.php","meta":{"footnotes":""},"_links":{"self":[{"href":"https:\/\/sofylink.com\/pagina-de-inicio\/wp-json\/wp\/v2\/pages\/126"}],"collection":[{"href":"https:\/\/sofylink.com\/pagina-de-inicio\/wp-json\/wp\/v2\/pages"}],"about":[{"href":"https:\/\/sofylink.com\/pagina-de-inicio\/wp-json\/wp\/v2\/types\/page"}],"author":[{"embeddable":true,"href":"https:\/\/sofylink.com\/pagina-de-inicio\/wp-json\/wp\/v2\/users\/1"}],"replies":[{"embeddable":true,"href":"https:\/\/sofylink.com\/pagina-de-inicio\/wp-json\/wp\/v2\/comments?post=126"}],"version-history":[{"count":51,"href":"https:\/\/sofylink.com\/pagina-de-inicio\/wp-json\/wp\/v2\/pages\/126\/revisions"}],"predecessor-version":[{"id":341,"href":"https:\/\/sofylink.com\/pagina-de-inicio\/wp-json\/wp\/v2\/pages\/126\/revisions\/341"}],"wp:attachment":[{"href":"https:\/\/sofylink.com\/pagina-de-inicio\/wp-json\/wp\/v2\/media?parent=126"}],"curies":[{"name":"wp","href":"https:\/\/api.w.org\/{rel}","templated":true}]}}